{"id":559,"date":"2023-06-11T22:07:29","date_gmt":"2023-06-11T22:07:29","guid":{"rendered":"https:\/\/ahsisma.com\/?page_id=559"},"modified":"2023-06-11T23:27:34","modified_gmt":"2023-06-11T23:27:34","slug":"otros-sistemas-sistemas-de-gestion","status":"publish","type":"page","link":"https:\/\/ahsisma.com\/?page_id=559","title":{"rendered":"Otros sistemas sistemas de gesti\u00f3n"},"content":{"rendered":"\t\t<div data-elementor-type=\"wp-page\" data-elementor-id=\"559\" class=\"elementor elementor-559\">\n\t\t\t\t\t\t<section class=\"elementor-section elementor-top-section elementor-element elementor-element-1f1cccd elementor-section-boxed elementor-section-height-default elementor-section-height-default\" data-id=\"1f1cccd\" data-element_type=\"section\">\n\t\t\t\t\t\t<div class=\"elementor-container elementor-column-gap-default\">\n\t\t\t\t\t<div class=\"elementor-column elementor-col-50 elementor-top-column elementor-element elementor-element-67d95b5\" data-id=\"67d95b5\" data-element_type=\"column\">\n\t\t\t<div class=\"elementor-widget-wrap elementor-element-populated\">\n\t\t\t\t\t\t<div class=\"elementor-element elementor-element-65bc1fa elementor-widget elementor-widget-text-editor\" data-id=\"65bc1fa\" data-element_type=\"widget\" data-widget_type=\"text-editor.default\">\n\t\t\t\t<div class=\"elementor-widget-container\">\n\t\t\t<style>\/*! elementor - v3.23.0 - 05-08-2024 *\/\n.elementor-widget-text-editor.elementor-drop-cap-view-stacked .elementor-drop-cap{background-color:#69727d;color:#fff}.elementor-widget-text-editor.elementor-drop-cap-view-framed .elementor-drop-cap{color:#69727d;border:3px solid;background-color:transparent}.elementor-widget-text-editor:not(.elementor-drop-cap-view-default) .elementor-drop-cap{margin-top:8px}.elementor-widget-text-editor:not(.elementor-drop-cap-view-default) .elementor-drop-cap-letter{width:1em;height:1em}.elementor-widget-text-editor .elementor-drop-cap{float:left;text-align:center;line-height:1;font-size:50px}.elementor-widget-text-editor .elementor-drop-cap-letter{display:inline-block}<\/style>\t\t\t\t<p><span style=\"color: var(--wp--preset--color--base); font-family: var( --e-global-typography-text-font-family ), Sans-serif; font-weight: var( --e-global-typography-text-font-weight ); background-color: var(--wp--preset--color--white);\">RUC\u00ae es el Registro Uniforme de Contratistas.<\/span><span style=\"background-color: var(--wp--preset--color--white); color: var(--wp--preset--color--base); font-family: var( --e-global-typography-text-font-family ), Sans-serif; font-weight: var( --e-global-typography-text-font-weight );\">&nbsp;<\/span><\/p>\n<p><span style=\"background-color: var(--wp--preset--color--white); color: var(--wp--preset--color--base); font-family: var( --e-global-typography-text-font-family ), Sans-serif; font-weight: var( --e-global-typography-text-font-weight );\">RUC\u00ae Transporte de Hidrocarburos &#8211; Registro Uniforme de Contratistas.<\/span><\/p>\n<p><span style=\"color: var(--wp--preset--color--base); font-family: var( --e-global-typography-text-font-family ), Sans-serif; font-weight: var( --e-global-typography-text-font-weight ); background-color: var(--wp--preset--color--white);\">TPM &#8211; Manejo Productivo Total.<\/span><\/p>\n<p><span style=\"background-color: var(--wp--preset--color--white); color: var(--wp--preset--color--base); font-family: var( --e-global-typography-text-font-family ), Sans-serif; font-weight: var( --e-global-typography-text-font-weight );\">Norma BASC &#8211; Business Anti-Smuggling Coalition o Coalici\u00f3n Empresarial Anticontrabando.<\/span><\/p><p><span style=\"background-color: var(--wp--preset--color--white); color: var(--wp--preset--color--base); font-family: var( --e-global-typography-text-font-family ), Sans-serif; font-weight: var( --e-global-typography-text-font-weight );\">ISO 27001 Seguridad de la informaci\u00f3n.<\/span><\/p><p><span style=\"background-color: var(--wp--preset--color--white); color: var(--wp--preset--color--base); font-family: var( --e-global-typography-text-font-family ), Sans-serif; font-weight: var( --e-global-typography-text-font-weight );\">ISO 50001 Gesti\u00f3n de la energ\u00eda.<\/span><\/p>\t\t\t\t\t\t<\/div>\n\t\t\t\t<\/div>\n\t\t\t\t\t<\/div>\n\t\t<\/div>\n\t\t\t\t<div class=\"elementor-column elementor-col-50 elementor-top-column elementor-element elementor-element-5924239\" data-id=\"5924239\" data-element_type=\"column\">\n\t\t\t<div class=\"elementor-widget-wrap elementor-element-populated\">\n\t\t\t\t\t\t<div class=\"elementor-element elementor-element-c2ee80b elementor-widget elementor-widget-image\" data-id=\"c2ee80b\" data-element_type=\"widget\" data-widget_type=\"image.default\">\n\t\t\t\t<div class=\"elementor-widget-container\">\n\t\t\t<style>\/*! elementor - v3.23.0 - 05-08-2024 *\/\n.elementor-widget-image{text-align:center}.elementor-widget-image a{display:inline-block}.elementor-widget-image a img[src$=\".svg\"]{width:48px}.elementor-widget-image img{vertical-align:middle;display:inline-block}<\/style>\t\t\t\t\t\t\t\t\t\t<img fetchpriority=\"high\" decoding=\"async\" width=\"900\" height=\"600\" src=\"https:\/\/ahsisma.com\/wp-content\/uploads\/2023\/06\/normas-iso-900x600-1.jpg\" class=\"attachment-large size-large wp-image-565\" alt=\"\" srcset=\"https:\/\/ahsisma.com\/wp-content\/uploads\/2023\/06\/normas-iso-900x600-1.jpg 900w, https:\/\/ahsisma.com\/wp-content\/uploads\/2023\/06\/normas-iso-900x600-1-300x200.jpg 300w, https:\/\/ahsisma.com\/wp-content\/uploads\/2023\/06\/normas-iso-900x600-1-768x512.jpg 768w\" sizes=\"(max-width: 900px) 100vw, 900px\" \/>\t\t\t\t\t\t\t\t\t\t\t\t\t<\/div>\n\t\t\t\t<\/div>\n\t\t\t\t\t<\/div>\n\t\t<\/div>\n\t\t\t\t\t<\/div>\n\t\t<\/section>\n\t\t\t\t<\/div>\n\t\t","protected":false},"excerpt":{"rendered":"<p>RUC\u00ae es el Registro Uniforme de Contratistas.&nbsp; RUC\u00ae Transporte de Hidrocarburos &#8211; Registro Uniforme de Contratistas. TPM &#8211; Manejo Productivo Total. Norma BASC &#8211; Business Anti-Smuggling Coalition o Coalici\u00f3n Empresarial Anticontrabando. ISO 27001 Seguridad de la informaci\u00f3n. ISO 50001 Gesti\u00f3n de la energ\u00eda.<\/p>\n","protected":false},"author":1,"featured_media":0,"parent":0,"menu_order":0,"comment_status":"closed","ping_status":"closed","template":"","meta":[],"yoast_head":"<!-- This site is optimized with the Yoast SEO plugin v20.8 - https:\/\/yoast.com\/wordpress\/plugins\/seo\/ -->\n<title>Otros sistemas sistemas de gesti\u00f3n - ahsisma<\/title>\n<meta name=\"robots\" content=\"index, follow, max-snippet:-1, max-image-preview:large, max-video-preview:-1\" \/>\n<link rel=\"canonical\" href=\"https:\/\/ahsisma.com\/?page_id=559\" \/>\n<meta property=\"og:locale\" content=\"es_ES\" \/>\n<meta property=\"og:type\" content=\"article\" \/>\n<meta property=\"og:title\" content=\"Otros sistemas sistemas de gesti\u00f3n - ahsisma\" \/>\n<meta property=\"og:description\" content=\"RUC\u00ae es el Registro Uniforme de Contratistas.&nbsp; RUC\u00ae Transporte de Hidrocarburos &#8211; Registro Uniforme de Contratistas. TPM &#8211; Manejo Productivo Total. Norma BASC &#8211; Business Anti-Smuggling Coalition o Coalici\u00f3n Empresarial Anticontrabando. ISO 27001 Seguridad de la informaci\u00f3n. ISO 50001 Gesti\u00f3n de la energ\u00eda.\" \/>\n<meta property=\"og:url\" content=\"https:\/\/ahsisma.com\/?page_id=559\" \/>\n<meta property=\"og:site_name\" content=\"ahsisma\" \/>\n<meta property=\"article:modified_time\" content=\"2023-06-11T23:27:34+00:00\" \/>\n<meta property=\"og:image\" content=\"https:\/\/ahsisma.com\/wp-content\/uploads\/2023\/06\/normas-iso-900x600-1.jpg\" \/>\n<meta name=\"twitter:card\" content=\"summary_large_image\" \/>\n<meta name=\"twitter:label1\" content=\"Tiempo de lectura\" \/>\n\t<meta name=\"twitter:data1\" content=\"1 minuto\" \/>\n<script type=\"application\/ld+json\" class=\"yoast-schema-graph\">{\"@context\":\"https:\/\/schema.org\",\"@graph\":[{\"@type\":\"WebPage\",\"@id\":\"https:\/\/ahsisma.com\/?page_id=559\",\"url\":\"https:\/\/ahsisma.com\/?page_id=559\",\"name\":\"Otros sistemas sistemas de gesti\u00f3n - ahsisma\",\"isPartOf\":{\"@id\":\"https:\/\/ahsisma.com\/#website\"},\"datePublished\":\"2023-06-11T22:07:29+00:00\",\"dateModified\":\"2023-06-11T23:27:34+00:00\",\"breadcrumb\":{\"@id\":\"https:\/\/ahsisma.com\/?page_id=559#breadcrumb\"},\"inLanguage\":\"es\",\"potentialAction\":[{\"@type\":\"ReadAction\",\"target\":[\"https:\/\/ahsisma.com\/?page_id=559\"]}]},{\"@type\":\"BreadcrumbList\",\"@id\":\"https:\/\/ahsisma.com\/?page_id=559#breadcrumb\",\"itemListElement\":[{\"@type\":\"ListItem\",\"position\":1,\"name\":\"Portada\",\"item\":\"https:\/\/ahsisma.com\/\"},{\"@type\":\"ListItem\",\"position\":2,\"name\":\"Otros sistemas sistemas de gesti\u00f3n\"}]},{\"@type\":\"WebSite\",\"@id\":\"https:\/\/ahsisma.com\/#website\",\"url\":\"https:\/\/ahsisma.com\/\",\"name\":\"ahsisma\",\"description\":\"Sistema de gesti\u00f3n\",\"publisher\":{\"@id\":\"https:\/\/ahsisma.com\/#organization\"},\"potentialAction\":[{\"@type\":\"SearchAction\",\"target\":{\"@type\":\"EntryPoint\",\"urlTemplate\":\"https:\/\/ahsisma.com\/?s={search_term_string}\"},\"query-input\":\"required name=search_term_string\"}],\"inLanguage\":\"es\"},{\"@type\":\"Organization\",\"@id\":\"https:\/\/ahsisma.com\/#organization\",\"name\":\"ahsisma\",\"url\":\"https:\/\/ahsisma.com\/\",\"logo\":{\"@type\":\"ImageObject\",\"inLanguage\":\"es\",\"@id\":\"https:\/\/ahsisma.com\/#\/schema\/logo\/image\/\",\"url\":\"https:\/\/ahsisma.com\/wp-content\/uploads\/2024\/02\/WhatsApp-Image-2024-02-03-at-11.07.35.jpeg\",\"contentUrl\":\"https:\/\/ahsisma.com\/wp-content\/uploads\/2024\/02\/WhatsApp-Image-2024-02-03-at-11.07.35.jpeg\",\"width\":1024,\"height\":556,\"caption\":\"ahsisma\"},\"image\":{\"@id\":\"https:\/\/ahsisma.com\/#\/schema\/logo\/image\/\"}}]}<\/script>\n<!-- \/ Yoast SEO plugin. -->","yoast_head_json":{"title":"Otros sistemas sistemas de gesti\u00f3n - ahsisma","robots":{"index":"index","follow":"follow","max-snippet":"max-snippet:-1","max-image-preview":"max-image-preview:large","max-video-preview":"max-video-preview:-1"},"canonical":"https:\/\/ahsisma.com\/?page_id=559","og_locale":"es_ES","og_type":"article","og_title":"Otros sistemas sistemas de gesti\u00f3n - ahsisma","og_description":"RUC\u00ae es el Registro Uniforme de Contratistas.&nbsp; RUC\u00ae Transporte de Hidrocarburos &#8211; Registro Uniforme de Contratistas. TPM &#8211; Manejo Productivo Total. Norma BASC &#8211; Business Anti-Smuggling Coalition o Coalici\u00f3n Empresarial Anticontrabando. ISO 27001 Seguridad de la informaci\u00f3n. ISO 50001 Gesti\u00f3n de la energ\u00eda.","og_url":"https:\/\/ahsisma.com\/?page_id=559","og_site_name":"ahsisma","article_modified_time":"2023-06-11T23:27:34+00:00","og_image":[{"url":"https:\/\/ahsisma.com\/wp-content\/uploads\/2023\/06\/normas-iso-900x600-1.jpg"}],"twitter_card":"summary_large_image","twitter_misc":{"Tiempo de lectura":"1 minuto"},"schema":{"@context":"https:\/\/schema.org","@graph":[{"@type":"WebPage","@id":"https:\/\/ahsisma.com\/?page_id=559","url":"https:\/\/ahsisma.com\/?page_id=559","name":"Otros sistemas sistemas de gesti\u00f3n - ahsisma","isPartOf":{"@id":"https:\/\/ahsisma.com\/#website"},"datePublished":"2023-06-11T22:07:29+00:00","dateModified":"2023-06-11T23:27:34+00:00","breadcrumb":{"@id":"https:\/\/ahsisma.com\/?page_id=559#breadcrumb"},"inLanguage":"es","potentialAction":[{"@type":"ReadAction","target":["https:\/\/ahsisma.com\/?page_id=559"]}]},{"@type":"BreadcrumbList","@id":"https:\/\/ahsisma.com\/?page_id=559#breadcrumb","itemListElement":[{"@type":"ListItem","position":1,"name":"Portada","item":"https:\/\/ahsisma.com\/"},{"@type":"ListItem","position":2,"name":"Otros sistemas sistemas de gesti\u00f3n"}]},{"@type":"WebSite","@id":"https:\/\/ahsisma.com\/#website","url":"https:\/\/ahsisma.com\/","name":"ahsisma","description":"Sistema de gesti\u00f3n","publisher":{"@id":"https:\/\/ahsisma.com\/#organization"},"potentialAction":[{"@type":"SearchAction","target":{"@type":"EntryPoint","urlTemplate":"https:\/\/ahsisma.com\/?s={search_term_string}"},"query-input":"required name=search_term_string"}],"inLanguage":"es"},{"@type":"Organization","@id":"https:\/\/ahsisma.com\/#organization","name":"ahsisma","url":"https:\/\/ahsisma.com\/","logo":{"@type":"ImageObject","inLanguage":"es","@id":"https:\/\/ahsisma.com\/#\/schema\/logo\/image\/","url":"https:\/\/ahsisma.com\/wp-content\/uploads\/2024\/02\/WhatsApp-Image-2024-02-03-at-11.07.35.jpeg","contentUrl":"https:\/\/ahsisma.com\/wp-content\/uploads\/2024\/02\/WhatsApp-Image-2024-02-03-at-11.07.35.jpeg","width":1024,"height":556,"caption":"ahsisma"},"image":{"@id":"https:\/\/ahsisma.com\/#\/schema\/logo\/image\/"}}]}},"_links":{"self":[{"href":"https:\/\/ahsisma.com\/index.php?rest_route=\/wp\/v2\/pages\/559"}],"collection":[{"href":"https:\/\/ahsisma.com\/index.php?rest_route=\/wp\/v2\/pages"}],"about":[{"href":"https:\/\/ahsisma.com\/index.php?rest_route=\/wp\/v2\/types\/page"}],"author":[{"embeddable":true,"href":"https:\/\/ahsisma.com\/index.php?rest_route=\/wp\/v2\/users\/1"}],"replies":[{"embeddable":true,"href":"https:\/\/ahsisma.com\/index.php?rest_route=%2Fwp%2Fv2%2Fcomments&post=559"}],"version-history":[{"count":7,"href":"https:\/\/ahsisma.com\/index.php?rest_route=\/wp\/v2\/pages\/559\/revisions"}],"predecessor-version":[{"id":583,"href":"https:\/\/ahsisma.com\/index.php?rest_route=\/wp\/v2\/pages\/559\/revisions\/583"}],"wp:attachment":[{"href":"https:\/\/ahsisma.com\/index.php?rest_route=%2Fwp%2Fv2%2Fmedia&parent=559"}],"curies":[{"name":"wp","href":"https:\/\/api.w.org\/{rel}","templated":true}]}}